he highest common factor of 3411856 and 24.
8
What is the highest common divisor of 17600 and 85360?
880
Calculate the greatest common divisor of 10489 and 68.
17
Calculate the greatest common divisor of 9 and 207.
9
Calculate the greatest common factor of 571159 and 23.
23
What is the highest common divisor of 68 and 276?
4
What is the highest common factor of 66879 and 27?
27
Calculate the greatest common factor of 1185 and 67229.
79
Calculate the greatest common factor of 140 and 532.
28
Calculate the greatest common factor of 182494 and 78.
26
Calculate the greatest common divisor of 132 and 35728.
44
Calculate the greatest common factor of 425624 and 2656.
664
Calculate the greatest common factor of 592 and 140489.
37
What is the highest common divisor of 165 and 4440?
15
What is the highest common factor of 44526 and 22082?
362
Calculate the highest common factor of 286615 and 285.
95
Calculate the greatest common factor of 1408 and 48983.
11
Calculate the highest common factor of 1132740 and 406.
406
Calculate the greatest common divisor of 53406 and 1806.
258
What is the greatest common factor of 2002 and 12782?
154
Calculate the highest common divisor of 4192 and 7136.
32
What is the greatest common divisor of 17 and 4788?
1
Calculate the highest common divisor of 98 and 180222.
98
Calculate the highest common divisor of 2948 and 18392.
44
Calculate the greatest common factor of 15 and 10353345.
15
Calculate the greatest common divisor of 1639235 and 65.
65
What is the greatest common factor of 11220 and 6930?
330
Calculate the highest common divisor of 1319774 and 158.
158
What is the greatest common factor of 460 and 6880?
20
Calculate the highest common factor of 986305 and 5.
5
What is the highest common divisor of 190 and 249945?
95
Calculate the highest common factor of 88 and 25472.
8
What is the highest common divisor of 57 and 1293387?
57
What is the greatest common factor of 7856354 and 22?
22
Calculate the greatest common factor of 1305 and 1005.
15
What is the greatest common divisor of 1056 and 402?
6
Calculate the highest common divisor of 27 and 2271.
3
Calculate the highest common divisor of 6454 and 2114.
14
Calculate the greatest common factor of 10 and 6519455.
5
What is the greatest common factor of 7177898 and 78?
26
What is the greatest common divisor of 1085 and 18760?
35
Calculate the highest common factor of 1122 and 253198.
374
Calculate the greatest common factor of 63 and 235221.
21
Calculate the greatest common divisor of 208475 and 310.
155
Calculate the highest common divisor of 4922 and 34.
2
What is the greatest common divisor of 75 and 9914400?
75
What is the greatest common divisor of 77100 and 48?
12
What is the highest common factor of 182 and 160426?
14
What is the greatest common divisor of 18225 and 1125?
225
What is the highest common factor of 1888 and 3127?
59
What is the highest common divisor of 820 and 18320?
20
Calculate the greatest common divisor of 8401 and 31.
31
Calculate the highest common factor of 1216 and 14478.
38
Calculate the greatest common factor of 17 and 4077467.
17
Calculate the greatest common divisor of 2493504 and 32.
32
Calculate the highest common factor of 273 and 469.
7
Calculate the greatest common factor of 1454612 and 1940.
388
Calculate the greatest common factor of 49880 and 2552.
232
What is the highest common factor of 11451 and 80851?
347
What is the highest common divisor of 4488260 and 140?
140
What is the greatest common divisor of 169 and 9529?
13
Calculate the highest common divisor of 2130 and 119635.
355
Calculate the greatest common factor of 20448 and 16.
16
Calculate the highest common factor of 26838 and 32130.
378
What is the highest common divisor of 105 and 521535?
105
Calculate the highest common divisor of 13940 and 124763.
697
What is the highest common divisor of 6760 and 44200?
520
Calculate the highest common divisor of 8388495 and 15.
15
Calculate the highest common factor of 369349 and 2165.
433
What is the highest common factor of 2691 and 14467?
23
Calculate the greatest common divisor of 215540 and 260.
260
What is the highest common divisor of 1034 and 55330?
22
Calculate the highest common divisor of 125328 and 1596.
84
Calculate the greatest common divisor of 30 and 190245.
15
What is the greatest common divisor of 42636 and 2736?
228
Calculate the greatest common divisor of 387 and 1021551.
129
Calculate the highest common factor of 104 and 8762.
26
Calculate the highest common divisor of 2134 and 134830.
194
What is the highest common divisor of 288535 and 13455?
1495
Calculate the greatest common factor of 140 and 884030.
70
Calculate the greatest common factor of 59532 and 3444.
492
Calculate the greatest common divisor of 12627 and 4941.
549
Calculate the greatest common factor of 18414 and 432.
54
Calculate the greatest common factor of 3249 and 801.
9
Calculate the greatest common divisor of 185709 and 206.
103
What is the greatest common divisor of 655 and 295?
5
What is the highest common divisor of 606 and 17801250?
606
What is the highest common divisor of 12 and 1071372?
12
What is the greatest common divisor of 3630768 and 48?
48
Calculate the greatest common factor of 2155 and 1390.
5
Calculate the highest common divisor of 47503 and 3545.
709
Calculate the greatest common divisor of 256050 and 100.
50
What is the greatest common factor of 24 and 234128?
8
What is the highest common factor of 61424 and 2816?
176
Calculate the greatest common factor of 717 and 1195.
239
Calculate the greatest common factor of 3861 and 6237.
297
What is the greatest common factor of 1677 and 4134?
39
Calculate the highest common divisor of 2839453 and 2946.
491
Calculate the highest common factor of 2703 and 4131.
51
Calculate the greatest common divisor of 1031315 and 5.
5
What is the highest common divisor of 397711 and 5069?
137
Calculate the greatest common divisor of 161037 and 29.
29
What is the greatest common factor of 294 and 127694?
98
What is the highest common factor of 1119444 and 12?
12
Calculate the highest common factor of 38 and 11530397.
19
Calculate the highest common factor of 15 and 11420.
5
Calculate the highest common divisor of 641755 and 25.
5
Calculate the highest common divisor of 412 and 5302234.
206
Calculate the highest common divisor of 14850 and 18414.
594
What is the greatest common factor of 2675086 and 204?
34
What is the highest common factor of 15 and 61395?
15
Calculate the greatest common factor of 41 and 207255.
41
What is the highest common divisor of 15352 and 26068?
76
Calculate the greatest common factor of 40 and 11767220.
20
Calculate the highest common divisor of 4991 and 6293.
217
Calculate the greatest common factor of 18 and 447786.
18
What is the greatest common factor of 2737139 and 47?
47
What is the greatest common divisor of 20 and 391420?
20
Calculate the highest common factor of 82240 and 11822.
514
What is the greatest common factor of 5727248 and 472?
472
Calculate the highest common divisor of 1723540 and 42.
14
Calculate the greatest common divisor of 30580 and 620.
20
What is the highest common divisor of 912886 and 26?
26
Calculate the greatest common factor of 59306 and 988.
26
What is the highest common factor of 328410 and 36?
18
What is the highest common factor of 260 and 33228?
52
Calculate the highest common divisor of 828 and 19884.
12
Calculate the greatest common factor of 236754 and 42.
42
What is the highest common divisor of 29007 and 1683?
99
What is the highest common divisor of 50058 and 12582?
54
Calculate the greatest common factor of 1720 and 4480.
40
Calculate the greatest common divisor of 94973 and 3577.
73
Calculate the greatest common factor of 534 and 107067.
267
What is the highest common divisor of 16780 and 1240?
20
What is the greatest common factor of 1285 and 4804615?
1285
Calculate the highest common factor of 21 and 564116.
7
What is the greatest common factor of 4 and 1305?
1
What is the highest common divisor of 377606 and 1444?
722
Calculate the highest common divisor of 936 and 351.
117
What is the highest common divisor of 72991 and 423?
47
What is the highest common factor of 54 and 33024?
6
What is the greatest common divisor of